{"id":64,"date":"2020-02-10T13:17:04","date_gmt":"2020-02-10T16:17:04","guid":{"rendered":"http:\/\/smgc4.masterix2.com.br\/totalengenharia\/?page_id=64"},"modified":"2021-03-24T16:18:07","modified_gmt":"2021-03-24T19:18:07","slug":"industriais","status":"publish","type":"page","link":"https:\/\/smgc4.masterix2.com.br\/totalengenharia\/industriais\/","title":{"rendered":"Industriais"},"content":{"rendered":"\n\n<div class=\"wp-block-image d-none d-md-block d-lg-block\">\n<figure class=\"alignleft size-large is-resized\">\n<a href=\"https:\/\/smgc4.masterix2.com.br\/totalengenharia\/wp-content\/uploads\/sites\/10\/2021\/02\/Industrial-Fabrica-Magnetti-Marelli-Denso-Contagem-MG-min.jpg\">\n<img loading=\"lazy\" decoding=\"async\" src=\"https:\/\/smgc4.masterix2.com.br\/totalengenharia\/wp-content\/uploads\/sites\/10\/2021\/03\/Industrial-Fabrica-Magnetti-Marelli-Denso-Contagem-MG-min.jpg\" alt=\"\" class=\"wp-image-380 img-responsive\" width=\"500\" height=\"300\" srcset=\"https:\/\/smgc4.masterix2.com.br\/totalengenharia\/wp-content\/uploads\/sites\/10\/2021\/03\/Industrial-Fabrica-Magnetti-Marelli-Denso-Contagem-MG-min.jpg 500w, https:\/\/smgc4.masterix2.com.br\/totalengenharia\/wp-content\/uploads\/sites\/10\/2021\/03\/Industrial-Fabrica-Magnetti-Marelli-Denso-Contagem-MG-min-300x180.jpg 300w\" sizes=\"auto, (max-width: 500px) 100vw, 500px\" \/>\n<\/a><figcaption><strong>F\u00e1brica Magnetti Marelli &#8211; Denso &#8211; Contagem &#8211; MG<\/strong><\/figcaption>\n<\/figure>\n<\/div>\n\n\n<div class=\"wp-block-image d-block d-md-none d-lg-none\">\n<figure class=\"aligncenter size-large is-resized\">\n<a href=\"https:\/\/smgc4.masterix2.com.br\/totalengenharia\/wp-content\/uploads\/sites\/10\/2021\/02\/Industrial-Fabrica-Magnetti-Marelli-Denso-Contagem-MG-min.jpg\">\n<img decoding=\"async\" src=\"https:\/\/smgc4.masterix2.com.br\/totalengenharia\/wp-content\/uploads\/sites\/10\/2021\/03\/Industrial-Fabrica-Magnetti-Marelli-Denso-Contagem-MG-min.jpg\" alt=\"\" class=\"img-responsive\" \/>\n<\/a><figcaption><strong>F\u00e1brica Magnetti Marelli &#8211; Denso &#8211; Contagem &#8211; MG<\/strong><\/figcaption>\n<\/figure>\n<\/div>\n\n\n\n\n<div class=\"wp-block-image d-none d-md-block d-lg-block\">\n<figure class=\"alignleft size-large is-resized\">\n<a href=\"https:\/\/smgc4.masterix2.com.br\/totalengenharia\/wp-content\/uploads\/sites\/10\/2021\/02\/Industrial-Laboratorios-MBR-Vargem-Grande-Itabirito-MG-min.jpg\">\n<img loading=\"lazy\" decoding=\"async\" src=\"https:\/\/smgc4.masterix2.com.br\/totalengenharia\/wp-content\/uploads\/sites\/10\/2021\/03\/Industrial-Laboratorios-MBR-Vargem-Grande-Itabirito-MG-min.jpg\" alt=\"\" class=\"wp-image-388 img-responsive\" width=\"500\" height=\"300\" srcset=\"https:\/\/smgc4.masterix2.com.br\/totalengenharia\/wp-content\/uploads\/sites\/10\/2021\/03\/Industrial-Laboratorios-MBR-Vargem-Grande-Itabirito-MG-min.jpg 500w, https:\/\/smgc4.masterix2.com.br\/totalengenharia\/wp-content\/uploads\/sites\/10\/2021\/03\/Industrial-Laboratorios-MBR-Vargem-Grande-Itabirito-MG-min-300x180.jpg 300w\" sizes=\"auto, (max-width: 500px) 100vw, 500px\" \/>\n<\/a>\n<figcaption>\n<strong>Laborat\u00f3rios &#8211; MBR &#8211; Vargem Grande &#8211; Itabirito &#8211; MG<\/strong>\n<\/figcaption><\/figure>\n<\/div>\n\n\n<div class=\"wp-block-image d-block d-md-none d-lg-none\">\n<figure class=\"aligncenter size-large is-resized\">\n<a href=\"https:\/\/smgc4.masterix2.com.br\/totalengenharia\/wp-content\/uploads\/sites\/10\/2021\/02\/Industrial-Laboratorios-MBR-Vargem-Grande-Itabirito-MG-min.jpg\">\n<img decoding=\"async\" src=\"https:\/\/smgc4.masterix2.com.br\/totalengenharia\/wp-content\/uploads\/sites\/10\/2021\/03\/Industrial-Laboratorios-MBR-Vargem-Grande-Itabirito-MG-min.jpg\" alt=\"\" class=\"img-responsive\" \/>\n<\/a>\n<figcaption>\n<strong>Laborat\u00f3rios &#8211; MBR &#8211; Vargem Grande &#8211; Itabirito &#8211; MG<\/strong>\n<\/figcaption><\/figure>\n<\/div>\n","protected":false},"excerpt":{"rendered":"<p>F\u00e1brica Magnetti Marelli &#8211; Denso &#8211; Contagem &#8211; MG F\u00e1brica Magnetti Marelli &#8211; Denso &#8211; Contagem &#8211; MG Laborat\u00f3rios &#8211; MBR &#8211; Vargem Grande &#8211; Itabirito &#8211; MG Laborat\u00f3rios &#8211; MBR &#8211; Vargem Grande &#8211; Itabirito &#8211; MG<\/p>\n","protected":false},"author":5,"featured_media":0,"parent":0,"menu_order":0,"comment_status":"closed","ping_status":"closed","template":"","meta":{"footnotes":""},"class_list":["post-64","page","type-page","status-publish","hentry"],"_links":{"self":[{"href":"https:\/\/smgc4.masterix2.com.br\/totalengenharia\/wp-json\/wp\/v2\/pages\/64","targetHints":{"allow":["GET"]}}],"collection":[{"href":"https:\/\/smgc4.masterix2.com.br\/totalengenharia\/wp-json\/wp\/v2\/pages"}],"about":[{"href":"https:\/\/smgc4.masterix2.com.br\/totalengenharia\/wp-json\/wp\/v2\/types\/page"}],"author":[{"embeddable":true,"href":"https:\/\/smgc4.masterix2.com.br\/totalengenharia\/wp-json\/wp\/v2\/users\/5"}],"replies":[{"embeddable":true,"href":"https:\/\/smgc4.masterix2.com.br\/totalengenharia\/wp-json\/wp\/v2\/comments?post=64"}],"version-history":[{"count":21,"href":"https:\/\/smgc4.masterix2.com.br\/totalengenharia\/wp-json\/wp\/v2\/pages\/64\/revisions"}],"predecessor-version":[{"id":504,"href":"https:\/\/smgc4.masterix2.com.br\/totalengenharia\/wp-json\/wp\/v2\/pages\/64\/revisions\/504"}],"wp:attachment":[{"href":"https:\/\/smgc4.masterix2.com.br\/totalengenharia\/wp-json\/wp\/v2\/media?parent=64"}],"curies":[{"name":"wp","href":"https:\/\/api.w.org\/{rel}","templated":true}]}}