{"id":70,"date":"2020-02-10T13:17:04","date_gmt":"2020-02-10T16:17:04","guid":{"rendered":"http:\/\/smgc4.masterix2.com.br\/totalengenharia\/?page_id=70"},"modified":"2021-04-28T09:47:07","modified_gmt":"2021-04-28T12:47:07","slug":"conceito","status":"publish","type":"page","link":"https:\/\/smgc4.masterix2.com.br\/totalengenharia\/conceito\/","title":{"rendered":"Conceito"},"content":{"rendered":"\n<p class=\"justificado\">Nesta modalidade de\ncontrata\u00e7\u00e3o, a aquisi\u00e7\u00e3o da maioria dos produtos e servi\u00e7os \u00e9 realizada em nome\ndo cliente, evitando assim a tributa\u00e7\u00e3o dupla, o que garante um menor custo no\nvalor total da obra. Para a execu\u00e7\u00e3o da obra \u00e9 estabelecida para a construtora\numa taxa de administra\u00e7\u00e3o, atrav\u00e9s de um percentual sobre produtos\/servi\u00e7os e\nm\u00e3o-de-obra.<\/p>\n\n\n\n<p class=\"justificado\">Dentro desta\nmodalidade, a Total Engenharia adota a metodologia de \u201cPre\u00e7o M\u00e1ximo Garantido\u201d\n(PMG, que consiste em considerar o valor or\u00e7ado como valor limite para\naquisi\u00e7\u00e3o de produtos\/servi\u00e7os e m\u00e3o-de-obra. Em caso de sucesso \u00e9 estabelecida\numa premia\u00e7\u00e3o para a construtora e, caso contr\u00e1rio, uma penalidade pode ser\naplicada. Dessa forma, essa modalidade \u00e9 mais uma garantia que a Total\nEngenharia oferece ao contratante de que o custo or\u00e7ado para a obra n\u00e3o ser\u00e1\nextrapolado.<\/p>\n\n\n\n<p class=\"justificado\">Relat\u00f3rios de\nacompanhamento f\u00edsico e financeiro detalhados s\u00e3o apresentados mensalmente. Um\nprocesso de gest\u00e3o e execu\u00e7\u00e3o de obras realizado por uma empresa com mais de 25\nanos de mercado, com a m\u00e1xima transpar\u00eancia, de forma a garantir a satisfa\u00e7\u00e3o e\nfideliza\u00e7\u00e3o de nossos clientes.<\/p>\n","protected":false},"excerpt":{"rendered":"<p>Nesta modalidade de contrata\u00e7\u00e3o, a aquisi\u00e7\u00e3o da maioria dos produtos e servi\u00e7os \u00e9 realizada em nome do cliente, evitando assim a tributa\u00e7\u00e3o dupla, o que garante um menor custo no valor total da obra. Para a execu\u00e7\u00e3o da obra \u00e9 estabelecida para a construtora uma taxa de administra\u00e7\u00e3o, atrav\u00e9s de um percentual sobre produtos\/servi\u00e7os e [&hellip;]<\/p>\n","protected":false},"author":5,"featured_media":0,"parent":0,"menu_order":0,"comment_status":"closed","ping_status":"closed","template":"","meta":{"footnotes":""},"class_list":["post-70","page","type-page","status-publish","hentry"],"_links":{"self":[{"href":"https:\/\/smgc4.masterix2.com.br\/totalengenharia\/wp-json\/wp\/v2\/pages\/70","targetHints":{"allow":["GET"]}}],"collection":[{"href":"https:\/\/smgc4.masterix2.com.br\/totalengenharia\/wp-json\/wp\/v2\/pages"}],"about":[{"href":"https:\/\/smgc4.masterix2.com.br\/totalengenharia\/wp-json\/wp\/v2\/types\/page"}],"author":[{"embeddable":true,"href":"https:\/\/smgc4.masterix2.com.br\/totalengenharia\/wp-json\/wp\/v2\/users\/5"}],"replies":[{"embeddable":true,"href":"https:\/\/smgc4.masterix2.com.br\/totalengenharia\/wp-json\/wp\/v2\/comments?post=70"}],"version-history":[{"count":3,"href":"https:\/\/smgc4.masterix2.com.br\/totalengenharia\/wp-json\/wp\/v2\/pages\/70\/revisions"}],"predecessor-version":[{"id":584,"href":"https:\/\/smgc4.masterix2.com.br\/totalengenharia\/wp-json\/wp\/v2\/pages\/70\/revisions\/584"}],"wp:attachment":[{"href":"https:\/\/smgc4.masterix2.com.br\/totalengenharia\/wp-json\/wp\/v2\/media?parent=70"}],"curies":[{"name":"wp","href":"https:\/\/api.w.org\/{rel}","templated":true}]}}